{"id":647,"date":"2017-03-03T10:36:41","date_gmt":"2017-03-03T09:36:41","guid":{"rendered":"http:\/\/www.lautern-frueher.de\/cms\/?page_id=647"},"modified":"2017-03-03T10:41:31","modified_gmt":"2017-03-03T09:41:31","slug":"upload-vertrag","status":"publish","type":"page","link":"https:\/\/www.lautern-frueher.de\/cms\/upload-vertrag\/","title":{"rendered":"Upload-Vertrag"},"content":{"rendered":"<div class=\"wpb-content-wrapper\"><p>[vc_row][vc_column][vc_column_text css=&#8220;.vc_custom_1469002670709{margin-bottom: 20px !important;}&#8220;]<\/p>\n<h2>Upload-Vertrag<\/h2>\n<p>[\/vc_column_text][\/vc_column][\/vc_row][vc_row][vc_column][vc_column_text]Zuletzt aktualisiert am 24.05.2016.<\/p>\n<p>Grundlage dieses Vertrages ist die Idee, \u00fcber die Dom\u00e4ne www.lautern-frueher.de, der interessierten \u00d6ffentlichkeit Fotos, Dokumente, Berichte und \u00c4hnliches kostenfrei und ohne die Absicht, mit den Informationen und Werken in gewerblicher Weise Ums\u00e4tze zu erzielen, zur Verf\u00fcgung zu stellen. Es handelt sich um einen selbstlosen Dienst an der Allgemeinheit und f\u00fcr Interessierte Menschen, die sich am Thema \u201eLautern fr\u00fcher\u201c interessieren und dabei mithelfen m\u00f6chten, Informationen zusammenzutragen um dieses \u201eBild von Kaiserslautern\u201c \u00e4hnlich einem Mosaik zu vervollst\u00e4ndigen. Eine M\u00f6glichkeit, die zur Verf\u00fcgung gestellten Werke downzuloaden soll und wird es nicht geben. Die Seite stellt letztlich eine Art \u201edigitales kostenfreies Bilderbuch\u201c aus den \u201eAlten Lautrer Zeiten\u201c dar.<\/p>\n<p>Dieser Vertrag (<strong>\u201eVertrag\u201c<\/strong>) gilt f\u00fcr das Hochladen einer Aufnahme, Illustration, Abbildung oder anderer bildlicher oder grafischer Arbeiten (zusammen die <strong>\u201eWerke\u201c<\/strong>) auf unsere Website. Mit dem Hochladen der Werke erkl\u00e4ren Sie sich mit den Bedingungen dieses Vertrags einverstanden. Sie erkennen an, dass dieser Vertrag sich auf jedes von Ihnen hochgeladene Werk bezieht, einschlie\u00dflich der Werke, die vor dem Datum des Inkrafttretens dieses Vertrags hochgeladen wurden. Sie erkl\u00e4ren sich auch mit den Lautern-fr\u00fcher-Nutzungsbedingungen einverstanden, deren Erg\u00e4nzung und Bestandteil dieser Vertrag ist. Sie sichern zu und gew\u00e4hrleisten, dass Sie zum Abschluss dieses Vertrags berechtigt sind. Wenn Sie im Auftrag eines Rechtstr\u00e4gers Werke hochladen, dann gilt dieser Vertrag f\u00fcr diesen Rechtstr\u00e4ger und seine verbundenen Unternehmen. In diesem Fall sichern Sie zu und gew\u00e4hrleisten, dass Sie die rechtsverbindliche Befugnis zur vertraglichen Verpflichtung des Rechtstr\u00e4gers besitzen.<\/p>\n<p>&nbsp;<\/p>\n<h4>1. Geistige Eigentumsrechte<\/h4>\n<p>Sie sichern zu und gew\u00e4hrleisten, dass Sie Eigent\u00fcmer aller Rechte, Eigentums- und Beteiligungsrechte am Werk sind, einschlie\u00dflich aller Urheber-, Marken-, Patent-, Datenschutz-, Ver\u00f6ffentlichungsrechte, moralischen Rechte und anderer geistigen Eigentumsrechte (zusammen die \u201eIP-Rechte\u201c). Falls das Werk Bilder oder Abbildungen einer oder mehrerer Personen oder das Eigentum einer oder mehrere nat\u00fcrlicher oder juristischer Personen enth\u00e4lt, gew\u00e4hrleisten Sie und sichern Sie zu, dass die betreffende Person alle notwendigen Freigaben eingeholt hat. Es ist Ihnen untersagt, Werke hochzuladen, die die IP-Rechte nat\u00fcrlicher oder juristischer Personen (wo zutreffend) verletzen oder Verleumdung, Rufsch\u00e4digung oder Ehrverletzung einer Person darstellen. Wir d\u00fcrfen in unserem alleinigen Ermessen und fristlos unwiderruflich Werke entfernen oder Ihr Konto aufl\u00f6sen. Stellen wir wiederholte Verst\u00f6\u00dfe seitens eines Nutzers fest, werden wir den Zugriff des Nutzers auf die Website sperren.<\/p>\n<p>&nbsp;<\/p>\n<h4>2. Lizenz<\/h4>\n<p><strong>2.1 Unsere Nutzung der Werke<\/strong> Wir d\u00fcrfen die Werke online posten und ausstellen; daf\u00fcr gew\u00e4hren Sie uns eine nicht exklusive, weltweite und geb\u00fchrenfreie Lizenz zur Nutzung, Vervielf\u00e4ltigung, \u00f6ffentlichen Zurschaustellung, Verbreitung, Ver\u00e4nderung (z. B. zur besseren Darstellung der Werke), \u00f6ffentlichen Auff\u00fchrung und \u00dcbersetzung der Werke je nach Bedarf. Wenn wir Ihre Werke nutzen, schulden wir Ihnen unwiderruflich keine Verg\u00fctung.<\/p>\n<p><strong>2.2 Keine Verpflichtung.<\/strong> Wir sind nicht verpflichtet, die von Ihnen auf unsere Website hochgeladenen Werke anzunehmen oder sie unseren Nutzern zum Anschauen zur Verf\u00fcgung zu stellen.<\/p>\n<p>&nbsp;<\/p>\n<h4>3. Downloads und Unterlizenzen<\/h4>\n<p>Die M\u00f6glichkeit des Downloads und der Vergabe von Unterlizenzen soll nicht gegeben sein. Die uns zur Verf\u00fcgung gestellten Daten sollen von der Allgemeinheit eingesehen werden k\u00f6nnen (im Sinne eines digitalen Bilderbuches\/Nachschlagewerkes). Dabei ist ein Download nicht vorgesehen.<\/p>\n<p>&nbsp;<\/p>\n<h4>4. Exklusivit\u00e4t<\/h4>\n<p>Es besteht keine Exklusivit\u00e4tsvereinbarung. Sie geben Ihre Werke durch den Upload f\u00fcr die Allgemeinheit insofern frei, als Sie jedem Interessierten das Recht einr\u00e4umen, das Werk kostenlos zu betrachten, wie unter Ziffer 3 beschrieben.<\/p>\n<p>&nbsp;<\/p>\n<h4>5. Zahlungen<\/h4>\n<p>Weder wir, noch der das Upload zur Verf\u00fcgung stellende Dritte bzw. der Rechteinhaber sind zu Zahlungen verpflichtet oder haben einen Anspruch auf eine Geb\u00fchr oder sonstige Gegenleistung. Beim Uploaden der Fotos und Dokumente von \u201eLautern\u201c, wie es fr\u00fcher war, handelt sich um eine selbstlose, der interessierten Allgemeinheit dienenden Ma\u00dfnahme.<\/p>\n<p>&nbsp;<\/p>\n<h4>6. Eigentum und Beibehalt von Rechten<\/h4>\n<p>Sie behalten s\u00e4mtliche Rechte, Eigentums- und Beteiligungsrechte an den Werken (mit Ausnahme der gem\u00e4\u00df diesem Vertrag gew\u00e4hrten Lizenz), und Kraft dieses Vertrages werden keinerlei Eigentumsrechte oder Beteiligungen an den Werken an uns \u00fcbertragen. Sie behalten zudem das Recht zu Gebrauch, Vervielf\u00e4ltigung oder Zurschaustellung des Werks als Bestandteil Ihres Werkes.<br \/>\nWir haben das Recht aber nicht die Pflicht, Sie als Urheber und Quelle des Werks in der \u00fcblichen Form zu nennen. Sie verzichten unwiderruflich auf die Verpflichtung durch uns, Sie als Urheber des Werks zu nennen, wenn nicht andere schriftliche Vereinbarungen getroffen werden.<\/p>\n<p>&nbsp;<\/p>\n<h4>7. Ihre Pflichten zur Schadloshaltung<\/h4>\n<p>Sie werden uns gegen\u00fcber s\u00e4mtlichen Forderungen, Anspr\u00fcchen, Verlusten oder Sch\u00e4den, einschlie\u00dflich angemessener Anwaltsgeb\u00fchren, schadlos halten, die sich aus oder im Zusammenhang mit Ihren Werken oder anderen von Ihnen an uns bereitgestellten Inhalten, Ihrer Nutzung der Website bzw. Ihrem Versto\u00df gegen diese Bedingungen ergeben.<\/p>\n<p>&nbsp;<\/p>\n<h4>8. Haftungsbeschr\u00e4nkung<\/h4>\n<p><strong>8.1 Beschr\u00e4nkung.<\/strong> Wir haften Ihnen oder anderen Personen gegen\u00fcber nicht f\u00fcr Schadensersatz f\u00fcr besondere Schadensfolgen, f\u00fcr Neben- und Folgekosten oder Bu\u00dfgeldzahlungen; hierin eingeschlossen sind Schadensersatz (i) aus dem vorhersehbaren oder nicht vorhersehbaren Verlust der Nutzung, Daten oder Gewinne, (ii) auf der Grundlage jeglicher Haftungstheorie, einschlie\u00dflich Vertrags- oder Garantieverletzung, Fahrl\u00e4ssigkeit oder anderer unrechtm\u00e4\u00dfiger Handlungen oder (iii) aus anderen Forderungen, die sich aus oder im Zusammenhang mit Ihrer Nutzung von oder Ihrem Zugriff auf Dienste oder Werke ergeben. Diese Bedingungen sind nicht als Beschr\u00e4nkung oder Ausschluss unserer Haftung f\u00fcr grobe Fahrl\u00e4ssigkeit oder f\u00fcr vors\u00e4tzliches Fehlverhalten unsererseits zu werten. Die Gesamthaftung in allen Sachen, die sich aus oder im Zusammenhang mit diesem Vertrag ergeben, ist auf 50,00 EUR beschr\u00e4nkt.<\/p>\n<p><strong>8.2 Haftungsablehnung.<\/strong> Die Website und Dienste werden ohne M\u00e4ngelgew\u00e4hr bereitgestellt. Soweit rechtlich zul\u00e4ssig, lehnen wir alle ausdr\u00fccklichen oder stillschweigenden Gew\u00e4hrleistungen ab, so auch die stillschweigenden Gew\u00e4hrleistungen zu Marktg\u00e4ngigkeit und Eignung f\u00fcr einen bestimmten Zweck. Die Beschr\u00e4nkungen und Ausschl\u00fcsse in diesem Abschnitt gelten insoweit rechtlich zul\u00e4ssig.<\/p>\n<p>&nbsp;<\/p>\n<h4>9. K\u00fcndigung<\/h4>\n<p>Wir sind zur fristlosen K\u00fcndigung dieses Vertrags oder Entfernung von Werken oder Aufhebung Ihres Kontos berechtigt. Bei einem Versto\u00df Ihrerseits gegen diese Vertragsbedingungen oder im Rahmen unserer Untersuchungen wegen betr\u00fcgerischer oder gesetzeswidriger Handlungen oder auf Anfragen seitens der Strafverfolgungsbeh\u00f6rden verst\u00e4ndigen wir Sie im Vorfeld der K\u00fcndigung Ihres Kontos. Bei K\u00fcndigung des Vertrags aus triftigem Grund sind wir zu keiner Zahlung an Sie verpflichtet. Sie d\u00fcrfen diesen Vertrag jederzeit unter Einhaltung einer K\u00fcndigungsfrist von mindestens 3 Monaten auf die auf unserer Website genannte Weise k\u00fcndigen. Wir d\u00fcrfen das Hochladen von beliebigen Werken auf die Website verweigern.<\/p>\n<p>&nbsp;<\/p>\n<h4>10. Wirkung der K\u00fcndigung<\/h4>\n<p>Wir d\u00fcrfen die Werke weiterhin ausschlie\u00dflich f\u00fcr interne Archiv- und Nachschlagezwecke nutzen.<\/p>\n<p>&nbsp;<\/p>\n<h4>11. Verschiedenes<\/h4>\n<p><strong>11.1 Geltendes Recht.<\/strong> Dieser Vertrag unterliegt dem Recht Deutschlands. Die Anwendung bilateraler Abkommen wird unwiderruflich ausgeschlossen. Ausschlie\u00dflicher Gerichtsstand ist unwiderruflich Kaiserslautern.<\/p>\n<p><strong>11.2<\/strong> Das Vertragsverh\u00e4ltnis zwischen Ihnen und uns ist ein Verh\u00e4ltnis zwischen unabh\u00e4ngigen Partnern. Eine gewerbliche Nutzung der Werke ist ausgeschlossen.<\/p>\n<p><strong>11.3<\/strong> Sie sind verantwortlich f\u00fcr alle Steuern und Abgaben, die in irgendeinem Rechtsraum im Zusammenhang mit der Ihnen im Rahmen dieses Vertrags gew\u00e4hrten Lizenz erhoben werden.<\/p>\n<p><strong>11.4<\/strong> Sollten wir auf die Durchsetzung oder Aus\u00fcbung einer dieser Bedingungen verzichten, so bedeutet dies keinen Verzicht auf den betreffenden Abschnitt.<\/p>\n<p><strong>11.5 Salvatorische Klausel.<\/strong> Sollte eine bestimmte Klausel nicht durchsetzbar sein, so bleiben die \u00fcbrigen Klauseln von dieser Nichtdurchsetzbarkeit unber\u00fchrt.<\/p>\n<p><strong>11.6 \u00c4nderung.<\/strong> Wir d\u00fcrfen diese Bedingungen, die sich auf diese Werke beziehen, \u00e4ndern, um z. B. gesetzliche \u00c4nderungen aufzunehmen. Sehen Sie sich die Bedingungen regelm\u00e4\u00dfig an. Wir stellen eine Mitteilung \u00fcber erfolgte \u00c4nderungen an diesen Bedingungen auf diese Seite. Mit Ihrer fortgesetzten Nutzung der oder Ihrem Zugriff auf die Website nach Inkrafttreten der \u00c4nderungen erkennen Sie die ge\u00e4nderten Bedingungen als verbindlich an.[\/vc_column_text][\/vc_column][\/vc_row]<\/p>\n<\/div>","protected":false},"excerpt":{"rendered":"<p>[vc_row][vc_column][vc_column_text css=&#8220;.vc_custom_1469002670709{margin-bottom: 20px !important;}&#8220;] Upload-Vertrag [\/vc_column_text][\/vc_column][\/vc_row][vc_row][vc_column][vc_column_text]Zuletzt aktualisiert am 24.05.2016. Grundlage dieses Vertrages ist die Idee, \u00fcber die Dom\u00e4ne www.lautern-frueher.de, der interessierten \u00d6ffentlichkeit Fotos, Dokumente, Berichte und \u00c4hnliches kostenfrei und ohne die Absicht, mit den Informationen und Werken in gewerblicher Weise Ums\u00e4tze zu erzielen, zur Verf\u00fcgung zu stellen. Es handelt sich um einen selbstlosen Dienst an&hellip;<\/p>\n","protected":false},"author":1,"featured_media":0,"parent":0,"menu_order":0,"comment_status":"closed","ping_status":"closed","template":"","meta":{"footnotes":""},"class_list":["post-647","page","type-page","status-publish","hentry","description-off"],"_links":{"self":[{"href":"https:\/\/www.lautern-frueher.de\/cms\/wp-json\/wp\/v2\/pages\/647","targetHints":{"allow":["GET"]}}],"collection":[{"href":"https:\/\/www.lautern-frueher.de\/cms\/wp-json\/wp\/v2\/pages"}],"about":[{"href":"https:\/\/www.lautern-frueher.de\/cms\/wp-json\/wp\/v2\/types\/page"}],"author":[{"embeddable":true,"href":"https:\/\/www.lautern-frueher.de\/cms\/wp-json\/wp\/v2\/users\/1"}],"replies":[{"embeddable":true,"href":"https:\/\/www.lautern-frueher.de\/cms\/wp-json\/wp\/v2\/comments?post=647"}],"version-history":[{"count":4,"href":"https:\/\/www.lautern-frueher.de\/cms\/wp-json\/wp\/v2\/pages\/647\/revisions"}],"predecessor-version":[{"id":651,"href":"https:\/\/www.lautern-frueher.de\/cms\/wp-json\/wp\/v2\/pages\/647\/revisions\/651"}],"wp:attachment":[{"href":"https:\/\/www.lautern-frueher.de\/cms\/wp-json\/wp\/v2\/media?parent=647"}],"curies":[{"name":"wp","href":"https:\/\/api.w.org\/{rel}","templated":true}]}}