{"id":618,"date":"2017-03-03T09:41:42","date_gmt":"2017-03-03T08:41:42","guid":{"rendered":"http:\/\/www.lautern-frueher.de\/cms\/?page_id=618"},"modified":"2019-05-07T09:57:52","modified_gmt":"2019-05-07T07:57:52","slug":"impressum","status":"publish","type":"page","link":"https:\/\/www.lautern-frueher.de\/cms\/impressum\/","title":{"rendered":"Impressum"},"content":{"rendered":"<div class=\"wpb-content-wrapper\"><p>[vc_row][vc_column][vc_column_text css=&#8220;.vc_custom_1457686984495{margin-bottom: 20px !important;}&#8220;]<\/p>\n<h2>Impressum<\/h2>\n<p>[\/vc_column_text][\/vc_column][\/vc_row][vc_row][vc_column][vc_column_text]Lautern-Fr\u00fcher ist eine nichtkommerzielle Webseite zum Teilen alter Stadtbilder von Kaiserslautern. Sie wird betrieben von:<\/p>\n<p>Andreas Damm<br \/>\nDenisstra\u00dfe 22<br \/>\n67663 Kaiserslautern<\/p>\n<p>Kontakt unter: <a href=\"mailto:Lautern-frueher@web.de\">Lautern-frueher@web.de<\/a><\/p>\n<p>&nbsp;<\/p>\n<h3>Haftungsausschluss:<\/h3>\n<p><strong>Haftung f\u00fcr Inhalte<\/strong><\/p>\n<p>Die Inhalte unserer Seiten wurden mit gr\u00f6\u00dfter Sorgfalt erstellt. F\u00fcr die Richtigkeit, Vollst\u00e4ndigkeit und Aktualit\u00e4t der Inhalte k\u00f6nnen wir jedoch keine Gew\u00e4hr \u00fcbernehmen. Als Diensteanbieter sind wir gem\u00e4\u00df \u00a7 7 Abs.1 TMG f\u00fcr eigene Inhalte auf diesen Seiten nach den allgemeinen Gesetzen verantwortlich.<br \/>\nNach \u00a7\u00a7 8 bis 10 TMG sind wir als Diensteanbieter jedoch nicht verpflichtet, \u00fcbermittelte oder gespeicherte fremde Informationen zu \u00fcberwachen oder nach Umst\u00e4nden zu forschen, die auf eine rechtswidrige T\u00e4tigkeit hinweisen. Verpflichtungen zur Entfernung oder Sperrung der Nutzung von Informationen nach den allgemeinen Gesetzen bleiben hiervon unber\u00fchrt. Eine diesbez\u00fcgliche Haftung ist jedoch erst ab dem Zeitpunkt der Kenntnis einer konkreten Rechtsverletzung m\u00f6glich. Bei Bekanntwerden von entsprechenden Rechtsverletzungen werden wir diese Inhalte umgehend entfernen.<\/p>\n<p>&nbsp;<\/p>\n<h3>Urheberrecht<\/h3>\n<p>Die durch die Seitenbetreiber erstellten Inhalte und Werke auf diesen Seiten unterliegen dem deutschen Urheberrecht. Die Vervielf\u00e4ltigung, Bearbeitung, Verbreitung und jede Art der Verwertung au\u00dferhalb der Grenzen des Urheberrechtes bed\u00fcrfen der schriftlichen Zustimmung des jeweiligen Autors bzw. Erstellers. Downloads und Kopien dieser Seite sind nur f\u00fcr den privaten, nicht kommerziellen Gebrauch gestattet. Soweit die Inhalte auf dieser Seite nicht vom Betreiber erstellt wurden, werden die Urheberrechte Dritter beachtet. Insbesondere werden Inhalte Dritter als solche gekennzeichnet. Sollten Sie trotzdem auf eine Urheberrechtsverletzung aufmerksam werden, bitten wir um einen entsprechenden Hinweis. Bei Bekanntwerden von Rechtsverletzungen werden wir derartige Inhalte umgehend entfernen.<\/p>\n<p>&nbsp;<\/p>\n<h3>Datenschutzrichtlinie<\/h3>\n<p>Zuletzt aktualisiert am 24.05.2016.<\/p>\n<p>Grundlage dieses Vertrages ist die Idee, \u00fcber die Dom\u00e4ne www.lautern-frueher.de, der interessierten \u00d6ffentlichkeit Fotos, Dokumente, Berichte und \u00c4hnliches kostenfrei und ohne die Absicht, mit den Informationen und Werken in gewerblicher Weise Ums\u00e4tze zu erzielen, zur Verf\u00fcgung zu stellen. Es handelt sich um einen selbstlosen Dienst an der Allgemeinheit und f\u00fcr Interessierte Menschen, die sich am Thema \u201eLautern fr\u00fcher\u201c interessieren und dabei mithelfen m\u00f6chten, Informationen zusammenzutragen um dieses \u201eBild von Kaiserslautern\u201c \u00e4hnlich einem Mosaik zu vervollst\u00e4ndigen.<\/p>\n<p>Diese Datenschutzrichtlinie in ihrer jeweils aktualisierten Form regelt die Erhebung und Verwendung von personenbezogenen Daten durch www.lautern-frueher.de. Mit der Nutzung der Webseite www.lautern-frueher.de erkl\u00e4ren Sie sich ausdr\u00fccklich und uwiderruflich mit der Erhebung, der Verarbeitung und der Nutzung Ihrer personenbezogenen Daten durch lautern-frueher einverstanden. Diese Richtlinie unterliegt dem Recht Deutschlands.<\/p>\n<p>&nbsp;<\/p>\n<h3>1. Erhebung personenbezogener Daten<\/h3>\n<p>Wenn Sie die lautern-frueher Webseite besuchen, kann es sein, dass lautern-frueher nicht personenbezogene Daten, wie z. B. Ihr Internet Protokoll (IP), den Browser-Typen sowie die Art des Systems sammelt. Diese Informationen dienen nicht dazu, Sie als Person zu identifizieren. Wenn Sie sich auf der Webseite als Mitglied registrieren, werden zus\u00e4tzlich personenbezogene Daten abgefragt, wie z. B. Name, Anschrift\/Firmierung, E-Mail-Adresse. Von hochladenden Mitgliedern kann bei der Registrierung auf der Webseite zus\u00e4tzlich zum Zweck der Identifikation ein Identifikationspapier (Personaldokument, F\u00fchrerschein) erforderlich werden.<\/p>\n<p>Ggf. sammelt lautern-frueher auch solche Informationen, wie z. B. Up- und Downloads auf der Webseite, Profildaten-\u00c4nderungen, \u00c4nderungen von hochgeladenen Inhalten und Forumsaktivit\u00e4ten. Lautern-frueher beh\u00e4lt sich das Recht vor, die durch Mitgliedschaft bei uns erhobenen Daten zur Aufkl\u00e4rung und Verfolgung von Urheberrechtsverletzungen oder jedweder Betrugsversuche auszuwerten. Informationen zu Urheberrechtsverletzungen und Betrugsversuchen werden ggf. bei lautern-frueher gespeichert und archiviert.<\/p>\n<p>&nbsp;<\/p>\n<h3>2. Cookies<\/h3>\n<p>Wenn Sie unsere Webseite besuchen, k\u00f6nnen Sie verschiedene Informationen suchen und aufrufen, ohne Ihre Identit\u00e4t offenzulegen. Wir verwenden ggf. Cookies, um die Session eines Nutzers effektiver zu gestalten und registrierten Mitglieder die M\u00f6glichkeit der \u201eRemember Me\u201c- Funktion zu bieten. Cookies k\u00f6nnen unabh\u00e4ngig davon genutzt werden, ob Sie bei uns registriert sind oder nicht. Cookies sind kleine, einmalige Textdateien, die von einem Webserver auf Ihre Festplatte \u00fcbertragen werden und anschlie\u00dfend auf Ihren Computer gespeichert werden. Die Art der Information, die ein Cookie erhebt, beinhaltet das Datum und die Zeit Ihres Besuches, den Browser-Verlauf, Ihre Einstellungen sowie Ihren Benutzernamen.<\/p>\n<p>Unter Umst\u00e4nden kann es sein, dass dritte Dienstleistungs-Provider Cookies auf unserer Webseite nutzen. Wir k\u00f6nnen Cookies, die von dritten Dienstleistungs-Providern genutzt werden, nicht kontrollieren oder hierauf zugreifen. Diese Richtlinie regelt nur die Cookies, die von lautern-frueher genutzt werden, nicht jene, die von Dritten genutzt werden.<\/p>\n<p>Sie haben die M\u00f6glichkeit die Verwendung von Cookies auf Ihrem Computer zu erlauben oder zu verbieten. Normalerweise k\u00f6nnen Sie Ihren Browser entsprechend einstellen, jedoch kann es vorkommen, dass bei nicht erlaubter Verwendung von Cookies gewisse Funktionen der Webseite nur begrenzt zur Verf\u00fcgung stehen, wie Mitgliederbereiche oder andere interaktive Features. Die grundlegenden Funktionen der Webseite sollten auch bei nicht erlaubter Verwendung von Cookies erfahrbar sein.<\/p>\n<p>&nbsp;<\/p>\n<h3>3. Dritte Parteien<\/h3>\n<p>Lautern-frueher nutzt den Service von Drittfirmen auf der Webseite. Zudem kann unsere Seite gelegentlich Links zu anderen Seiten enthalten. Durch das Anklicken dieser Links verlassen Sie die lautern-frueher Webseite. Lautern-frueher \u00fcbernimmt keinerlei Haftung f\u00fcr den Inhalt der verlinkten Seiten und die Sicherheit bez\u00fcglich Ihrer personenbezogenen Daten durch das Nutzen der verlinkten Seiten. Andere Seiten k\u00f6nnen abweichende und eigene Bestimmungen im Umgang mit und der Erhebung von personenbezogenen Daten haben. Sie k\u00f6nnen nach Angaben wie Name, Anschrift, E-Mail-Adresse, IP-Adresse, Browsereigenschaften und Kreditkartennummer gefragt werden. Die Datenschutzrichtlinien von lautern-frueher regeln weder die Erhebung, die Weitergabe oder den Umgang personenbezogener Daten durch Dritte. Wir raten daher, sich auf den verlinkten Seiten Dritter, \u00fcber die Praxis zur Handhabung von personenbezogenen Daten und Cookies zu informieren.<\/p>\n<p>&nbsp;<\/p>\n<h3>4. Verwendung personenbezogener Daten<\/h3>\n<p>Lautern-frueher darf Ihre personenbezogenen Daten nutzen, um:<\/p>\n<ul>\n<li>Ihre Identit\u00e4t aus Sicherheitsgr\u00fcnden zu pr\u00fcfen,<\/li>\n<li>Ihnen einen Mitgliedskonto zur Verf\u00fcgung zu stellen,<\/li>\n<li>Ihnen Kundenservice zu bieten,<\/li>\n<li>Ihre Up-loads, \u00c4nderungen im Profil und Forumsaktivit\u00e4t auszuwerten,<\/li>\n<li>Ihnen interaktive Features, wie Blog oder Forum bereitzustellen.<\/li>\n<\/ul>\n<p>Lautern-frueher darf unter der Bewahrung Ihrer Anonymit\u00e4t Ihre Daten verwenden, um statistische Werte zum Verkehr auf der Webseite zu ermitteln. Ebenso ist es uns gestattet, Ihre Daten zu verwenden, um Ihnen bei eventuellen Schwierigkeiten oder technischen Unklarheiten im Umgang mit der Webseite zu assistieren. Lautern fr\u00fcher darf Ihre personenbezogenen und demografischen Daten an dritte Dienstleistungs-Provider weitergeben.<\/p>\n<p>&nbsp;<\/p>\n<h3>5. Schutz Ihrer personenbezogenen Daten<\/h3>\n<p>Lautern-fr\u00fcher h\u00e4lt sich an die gesetzlichen und moralischen Bestimmungen zum Schutz Ihrer pers\u00f6nlichen Daten. Aus diesem Grunde hat sich Lautern-frueher verpflichtet, Ihre personenbezogenen Daten auf verschiedene Arten abzusichern. Unsere Server d\u00fcrfen nur von ausgesuchtem Fachpersonal gewartet und bedient werden. Ihre personenbezogenen Daten sind durch einen pers\u00f6nlichen, einzigartigen Mitgliedsnamen und ein pers\u00f6nliches, verschl\u00fcsseltes Passwort gesch\u00fctzt. Bitte bewahren diese Zugangsdaten sicher und vor Missbrauch gesch\u00fctzt auf, teilen diese niemanden mit und loggen sich bei Verlassen unserer Seite jedes Mal aus. Zus\u00e4tzlich nutzen wir die Secure Socket Layer Technologie (SSL) f\u00fcr sensible Daten (z. B. Login, Zahlungsinformationen etc.). Wir bieten bei der Anmeldung auf der Webseite die M\u00f6glichkeit sich einen &#8222;Alias-Namen&#8220; zuzulegen; Ihr Benutzername bleibt so f\u00fcr andere nicht sichtbar. Lautern-frueher beh\u00e4lt sich das Recht vor, personenbezogene Daten auch \u00fcber eine beendete Mitgliedschaft hinaus auszuwerten, wenn es f\u00fcr die Aus\u00fcbung und\/oder Aufrechterhaltung der Dienstleistungen erforderlich ist.<\/p>\n<p>Wir bieten einen sehr hohen Standard an Sicherheitstechnologie, um Ihre Daten zu sch\u00fctzen. Eine hundertprozentige und absolute Sicherheit kann und wird jedoch nicht gew\u00e4hrt werden. Wir garantieren lediglich die maximale Aussch\u00f6pfung der uns zur Verf\u00fcgung stehenden Mittel, Techniken und M\u00f6glichkeiten, um personenbezogene Daten zu sch\u00fctzen. Daher \u00fcbernimmt Lautern-frueher keine Haftung in Bezug auf Diebstahl, Verlust, Ver\u00e4nderung oder missbr\u00e4uchliche Verwendung personenbezogener oder sonstiger Daten, inklusive und ohne Einschr\u00e4nkung solche Daten und Informationen, welche an Dritte \u00fcbermittelt werden, auch in dem Falle der Nichteinhaltung der Datenschutzrichtlinien Dritter und eventuelle Sch\u00e4den, die daraus resultieren.<\/p>\n<p>Als registriertes Mitglied der Webseite steht es Ihnen frei, sich am Blog oder Forum von Lautern-frueher zu beteiligen. Informationen, die im Forum eingegeben werden, sind nur von registrierten Mitgliedern einsehbar. Blog-Eintr\u00e4ge k\u00f6nnen von jedem Besucher der Webseite gelesen werden. Wir raten eindringlich davon ab, Informationen durch Eintr\u00e4ge im Forum oder Blog zu hinterlassen, die Sie nicht preisgeben wollen. Bei Eintr\u00e4gen im Blog oder Forum wird Ihr &#8222;Alias-Name&#8220; als Absender beim ver\u00f6ffentlichen Ihres Eintrages verwendet. Nachrichten oder Eintr\u00e4ge im Blog oder Forum k\u00f6nnen nach eigenem Ermessen von Lautern-frueher gel\u00f6scht oder gesperrt werden und d\u00fcrfen auch \u00fcber beendete Mitgliedschaften hinaus gespeichert bleiben.<\/p>\n<p>&nbsp;<\/p>\n<h3>6. Optionen<\/h3>\n<p>Sie k\u00f6nnen die von Ihnen bei der Registrierung auf der Webseite gemachten Angaben jederzeit im Mitgliedsbereich unter &#8222;Profil&#8220; einsehen und korrigieren. Lautern-frueher hat das Recht, Ihnen Nachrichten zu senden, um Sie \u00fcber wichtige \u00c4nderungen zu informieren, inklusive und uneingeschr\u00e4nkt Nachrichten zu ver\u00e4nderten Dienstleistungsbereichen oder insbesondere Nachrichten zu \u00c4nderungen von Richtlinien, Nachrichten bei technischen St\u00f6rungen oder Nichterreichbarkeit der Webseite.<\/p>\n<p>&nbsp;<\/p>\n<h3>7. Offenlegungspflichten<\/h3>\n<p>Auf Verlangen befugter Beh\u00f6rden oder resultierend aus gesetzlichen Vorschriften ist Lautern-frueher dazu verpflichtet, personenbezogene Daten offenzulegen. Ist dieses der Fall, beh\u00e4lt sich Lautern-frueher das Recht vor, angefragte Daten gem\u00e4\u00df den gesetzlichen Vorschriften zur Verf\u00fcgung zu stellen, einschlie\u00dflich und ohne jede Einschr\u00e4nkung durch Gerichtsbeschluss, Haftbefehl, Strafandrohung erwirkte oder f\u00fcr prozessdienliche Ausk\u00fcnfte und ermittlungstechnische Dienste wichtige Daten.<\/p>\n<p>&nbsp;<\/p>\n<h3>8. Bekanntmachung von \u00c4nderungen<\/h3>\n<p>Wir behalten uns das Recht vor, diese Richtlinien nach eigenem Ermessen zu \u00e4ndern. Bitte nehmen Sie das \u201eDatum der letzten Aktualisierung\u201c zur Kenntnis, wie am Anfang dieses Dokumentes ausgewiesen. Mit dieser Information ist es Ihnen m\u00f6glich, herauszufinden, ob diese Bestimmungen k\u00fcrzlich ge\u00e4ndert wurden.<\/p>\n<p>&nbsp;<\/p>\n<h3>9. Im Streitfall<\/h3>\n<p>Alle Streitigkeiten bez\u00fcglich Ihres Datenschutzes sind Gegenstand dieser Datenschutzerkl\u00e4rung und der Nutzungsbedingungen, einschlie\u00dflich aber nicht beschr\u00e4nkt auf jede Bestimmung bez\u00fcglich Schadensersatz, Haftungsbegrenzung und Rechtswahl.[\/vc_column_text][\/vc_column][\/vc_row]<\/p>\n<\/div>","protected":false},"excerpt":{"rendered":"<p>[vc_row][vc_column][vc_column_text css=&#8220;.vc_custom_1457686984495{margin-bottom: 20px !important;}&#8220;] Impressum [\/vc_column_text][\/vc_column][\/vc_row][vc_row][vc_column][vc_column_text]Lautern-Fr\u00fcher ist eine nichtkommerzielle Webseite zum Teilen alter Stadtbilder von Kaiserslautern. Sie wird betrieben von: Andreas Damm Denisstra\u00dfe 22 67663 Kaiserslautern Kontakt unter: Lautern-frueher@web.de &nbsp; Haftungsausschluss: Haftung f\u00fcr Inhalte Die Inhalte unserer Seiten wurden mit gr\u00f6\u00dfter Sorgfalt erstellt. F\u00fcr die Richtigkeit, Vollst\u00e4ndigkeit und Aktualit\u00e4t der Inhalte k\u00f6nnen wir jedoch keine&hellip;<\/p>\n","protected":false},"author":1,"featured_media":0,"parent":0,"menu_order":0,"comment_status":"closed","ping_status":"closed","template":"","meta":{"footnotes":""},"class_list":["post-618","page","type-page","status-publish","hentry","description-off"],"_links":{"self":[{"href":"https:\/\/www.lautern-frueher.de\/cms\/wp-json\/wp\/v2\/pages\/618","targetHints":{"allow":["GET"]}}],"collection":[{"href":"https:\/\/www.lautern-frueher.de\/cms\/wp-json\/wp\/v2\/pages"}],"about":[{"href":"https:\/\/www.lautern-frueher.de\/cms\/wp-json\/wp\/v2\/types\/page"}],"author":[{"embeddable":true,"href":"https:\/\/www.lautern-frueher.de\/cms\/wp-json\/wp\/v2\/users\/1"}],"replies":[{"embeddable":true,"href":"https:\/\/www.lautern-frueher.de\/cms\/wp-json\/wp\/v2\/comments?post=618"}],"version-history":[{"count":10,"href":"https:\/\/www.lautern-frueher.de\/cms\/wp-json\/wp\/v2\/pages\/618\/revisions"}],"predecessor-version":[{"id":748,"href":"https:\/\/www.lautern-frueher.de\/cms\/wp-json\/wp\/v2\/pages\/618\/revisions\/748"}],"wp:attachment":[{"href":"https:\/\/www.lautern-frueher.de\/cms\/wp-json\/wp\/v2\/media?parent=618"}],"curies":[{"name":"wp","href":"https:\/\/api.w.org\/{rel}","templated":true}]}}